{"id":2107,"date":"2025-07-18T11:32:28","date_gmt":"2025-07-18T11:32:28","guid":{"rendered":"https:\/\/bahadirambalaj.com\/?page_id=2107"},"modified":"2025-07-18T11:38:51","modified_gmt":"2025-07-18T11:38:51","slug":"chop-stick","status":"publish","type":"page","link":"https:\/\/bahadirambalaj.com\/index.php\/chop-stick\/","title":{"rendered":"Chop Stick"},"content":{"rendered":"\t\t<div data-elementor-type=\"wp-page\" data-elementor-id=\"2107\" class=\"elementor elementor-2107\">\n\t\t\t\t<div class=\"elementor-element elementor-element-4767a6ee e-con-full e-flex e-con e-parent\" data-id=\"4767a6ee\" data-element_type=\"container\" data-e-type=\"container\">\n\t\t\t\t<div class=\"elementor-element elementor-element-4c198b75 elementor-widget elementor-widget-wallox-project-category\" data-id=\"4c198b75\" data-element_type=\"widget\" data-e-type=\"widget\" data-widget_type=\"wallox-project-category.default\">\n\t\t\t\t<div class=\"elementor-widget-container\">\n\t\t\t\t\t\t<section class=\"project-details pb-0\">\r\n\t\t<div class=\"container\">\r\n\t\t\t<div class=\"row\">\r\n\t\t\t\t<div class=\"col-12\">\r\n\t\t\t\t\t<div class=\"project-details__top__thumb\">\r\n\t\t\t\t\t\t<img decoding=\"async\" src=\"https:\/\/bahadirambalaj.com\/wp-content\/uploads\/2025\/07\/Kirmizi-Sade-Urun-Lansmani-Dokumanlar-Basligi-1170-x-472-piksel-2.jpg\" alt=\"K\u0131rm\u0131z\u0131 Sade \u00dcr\u00fcn Lansman\u0131 Dok\u00fcmanlar Ba\u015fl\u0131\u011f\u0131 (1170 x 472 piksel)\" title=\"K\u0131rm\u0131z\u0131 Sade \u00dcr\u00fcn Lansman\u0131 Dok\u00fcmanlar Ba\u015fl\u0131\u011f\u0131 (1170 x 472 piksel)\" >\t\t\t\t\t<\/div>\r\n\t\t\t\t\t\t\t\t\t\t\t<div class=\"project-details__category\">\r\n\t\t\t\t\t\t\t\t\t\t\t\t\t\t\t<div class=\"project-details__category__item\">\r\n\t\t\t\t\t\t\t\t\t<span class=\"project-details__category__subtitle\">\r\n\t\t\t\t\t\t\t\t\t\t\u00dcr\u00fcn Ad\u0131\t\t\t\t\t\t\t\t\t<\/span>\r\n\t\t\t\t\t\t\t\t\t<div class=\"project-details__category__title\">\r\n\t\t\t\t\t\t\t\t\t\tChop Stick (Yemek \u00c7ubu\u011fu)\t\t\t\t\t\t\t\t\t<\/div>\r\n\t\t\t\t\t\t\t\t<\/div>\r\n\t\t\t\t\t\t\t\t\t\t\t\t\t\t\t<div class=\"project-details__category__item\">\r\n\t\t\t\t\t\t\t\t\t<span class=\"project-details__category__subtitle\">\r\n\t\t\t\t\t\t\t\t\t\tTeslim S\u00fcresi\t\t\t\t\t\t\t\t\t<\/span>\r\n\t\t\t\t\t\t\t\t\t<div class=\"project-details__category__title\">\r\n\t\t\t\t\t\t\t\t\t\t3-15 G\u00fcn\t\t\t\t\t\t\t\t\t<\/div>\r\n\t\t\t\t\t\t\t\t<\/div>\r\n\t\t\t\t\t\t\t\t\t\t\t\t\t<\/div>\r\n\t\t\t\t\t\t\t\t\t<\/div>\r\n\t\t\t<\/div>\r\n\t\t<\/div>\r\n\t<\/section>\r\n\t\t\t\t<\/div>\n\t\t\t\t<\/div>\n\t\t\t\t<\/div>\n\t\t<div class=\"elementor-element elementor-element-3a7eaa07 e-flex e-con-boxed e-con e-child\" data-id=\"3a7eaa07\" data-element_type=\"container\" data-e-type=\"container\">\n\t\t\t\t\t<div class=\"e-con-inner\">\n\t\t\t\t<div class=\"elementor-element elementor-element-66c49505 elementor-widget elementor-widget-heading\" data-id=\"66c49505\" data-element_type=\"widget\" data-e-type=\"widget\" data-widget_type=\"heading.default\">\n\t\t\t\t\t<h2 class=\"elementor-heading-title elementor-size-default\">Chop Stick (Yemek \u00c7ubu\u011fu) Nedir? Ne \u0130\u00e7in Kullan\u0131l\u0131r?<span style=\"letter-spacing: -0.9px\"><\/span><\/h2>\t\t\t\t<\/div>\n\t\t\t\t<div class=\"elementor-element elementor-element-37bec04e elementor-widget elementor-widget-text-editor\" data-id=\"37bec04e\" data-element_type=\"widget\" data-e-type=\"widget\" data-widget_type=\"text-editor.default\">\n\t\t\t\t\t\t\t\t\t<p>Chopstick, Asya k\u00fclt\u00fcr\u00fcn\u00fcn vazge\u00e7ilmez par\u00e7as\u0131 olan geleneksel yemek \u00e7ubuklar\u0131d\u0131r. Firmam\u0131z, do\u011faya sayg\u0131l\u0131, kaliteli ve hijyenik chopstick \u00fcretimiyle hem yerli hem de uluslararas\u0131 pazara hizmet vermektedir.<\/p>\t\t\t\t\t\t\t\t<\/div>\n\t\t\t\t\t<\/div>\n\t\t\t\t<\/div>\n\t\t<div class=\"elementor-element elementor-element-213dad3c e-flex e-con-boxed e-con e-parent\" data-id=\"213dad3c\" data-element_type=\"container\" data-e-type=\"container\">\n\t\t\t\t\t<div class=\"e-con-inner\">\n\t\t<div class=\"elementor-element elementor-element-3f9e0938 e-con-full e-flex e-con e-child\" data-id=\"3f9e0938\" data-element_type=\"container\" data-e-type=\"container\">\n\t\t\t\t<div class=\"elementor-element elementor-element-383ea59e elementor-widget elementor-widget-heading\" data-id=\"383ea59e\" data-element_type=\"widget\" data-e-type=\"widget\" data-widget_type=\"heading.default\">\n\t\t\t\t\t<h2 class=\"elementor-heading-title elementor-size-default\">\u00dcr\u00fcn Se\u00e7eneklerimiz<\/h2>\t\t\t\t<\/div>\n\t\t\t\t<div class=\"elementor-element elementor-element-67a309d2 elementor-widget elementor-widget-text-editor\" data-id=\"67a309d2\" data-element_type=\"widget\" data-e-type=\"widget\" data-widget_type=\"text-editor.default\">\n\t\t\t\t\t\t\t\t\t<p>&#8211; Tek kullan\u0131ml\u0131k tahta \u00e7ubuklar <br \/>&#8211; Yeniden kullan\u0131labilir bambu ve metal \u00e7ubuklar <br \/>&#8211; \u00d6zel logolu ve marka bask\u0131l\u0131 \u00fcr\u00fcnler <br \/>&#8211; Restoran, otel ve marketler i\u00e7in toplu \u00e7\u00f6z\u00fcmler<\/p>\t\t\t\t\t\t\t\t<\/div>\n\t\t\t\t<\/div>\n\t\t<div class=\"elementor-element elementor-element-ddd893c e-con-full e-flex e-con e-child\" data-id=\"ddd893c\" data-element_type=\"container\" data-e-type=\"container\">\n\t\t\t\t<div class=\"elementor-element elementor-element-39824d17 elementor-widget elementor-widget-image\" data-id=\"39824d17\" data-element_type=\"widget\" data-e-type=\"widget\" data-widget_type=\"image.default\">\n\t\t\t\t\t\t\t\t\t\t\t\t\t\t\t<img fetchpriority=\"high\" decoding=\"async\" width=\"570\" height=\"338\" src=\"https:\/\/bahadirambalaj.com\/wp-content\/uploads\/2025\/07\/Brown-Aesthetic-Skincare-Product-Features-Instagram-Portrait-Post-7.jpg\" class=\"attachment-large size-large wp-image-2057\" alt=\"\" srcset=\"https:\/\/bahadirambalaj.com\/wp-content\/uploads\/2025\/07\/Brown-Aesthetic-Skincare-Product-Features-Instagram-Portrait-Post-7.jpg 570w, https:\/\/bahadirambalaj.com\/wp-content\/uploads\/2025\/07\/Brown-Aesthetic-Skincare-Product-Features-Instagram-Portrait-Post-7-300x178.jpg 300w\" sizes=\"(max-width: 570px) 100vw, 570px\" \/>\t\t\t\t\t\t\t\t\t\t\t\t\t\t\t<\/div>\n\t\t\t\t<\/div>\n\t\t\t\t\t<\/div>\n\t\t\t\t<\/div>\n\t\t<div class=\"elementor-element elementor-element-42a162b e-flex e-con-boxed e-con e-parent\" data-id=\"42a162b\" data-element_type=\"container\" data-e-type=\"container\">\n\t\t\t\t\t<div class=\"e-con-inner\">\n\t\t\t\t\t<\/div>\n\t\t\t\t<\/div>\n\t\t<div class=\"elementor-element elementor-element-913dd1f e-flex e-con-boxed e-con e-parent\" data-id=\"913dd1f\" data-element_type=\"container\" data-e-type=\"container\">\n\t\t\t\t\t<div class=\"e-con-inner\">\n\t\t\t\t<div class=\"elementor-element elementor-element-a3e8d80 elementor-arrows-position-inside elementor-pagination-position-outside elementor-widget elementor-widget-image-carousel\" data-id=\"a3e8d80\" data-element_type=\"widget\" data-e-type=\"widget\" data-settings=\"{&quot;navigation&quot;:&quot;both&quot;,&quot;autoplay&quot;:&quot;yes&quot;,&quot;pause_on_hover&quot;:&quot;yes&quot;,&quot;pause_on_interaction&quot;:&quot;yes&quot;,&quot;autoplay_speed&quot;:5000,&quot;infinite&quot;:&quot;yes&quot;,&quot;speed&quot;:500}\" data-widget_type=\"image-carousel.default\">\n\t\t\t\t\t\t\t<div class=\"elementor-image-carousel-wrapper swiper\" role=\"region\" aria-roledescription=\"carousel\" aria-label=\"Resim D\u00f6ng\u00fcs\u00fc\" dir=\"ltr\">\n\t\t\t<div class=\"elementor-image-carousel swiper-wrapper\" aria-live=\"off\">\n\t\t\t\t\t\t\t\t<div class=\"swiper-slide\" role=\"group\" aria-roledescription=\"slide\" aria-label=\"1 \/ 4\"><figure class=\"swiper-slide-inner\"><img decoding=\"async\" class=\"swiper-slide-image\" src=\"https:\/\/bahadirambalaj.com\/wp-content\/uploads\/2025\/07\/Photoroom_20250312_122330-300x300.jpeg\" alt=\"Photoroom_20250312_122330\" \/><\/figure><\/div><div class=\"swiper-slide\" role=\"group\" aria-roledescription=\"slide\" aria-label=\"2 \/ 4\"><figure class=\"swiper-slide-inner\"><img decoding=\"async\" class=\"swiper-slide-image\" src=\"https:\/\/bahadirambalaj.com\/wp-content\/uploads\/2025\/07\/Photoroom_20250312_122356-300x300.jpeg\" alt=\"Photoroom_20250312_122356\" \/><\/figure><\/div><div class=\"swiper-slide\" role=\"group\" aria-roledescription=\"slide\" aria-label=\"3 \/ 4\"><figure class=\"swiper-slide-inner\"><img decoding=\"async\" class=\"swiper-slide-image\" src=\"https:\/\/bahadirambalaj.com\/wp-content\/uploads\/2025\/07\/Photoroom_20250312_122432-300x300.jpeg\" alt=\"Photoroom_20250312_122432\" \/><\/figure><\/div><div class=\"swiper-slide\" role=\"group\" aria-roledescription=\"slide\" aria-label=\"4 \/ 4\"><figure class=\"swiper-slide-inner\"><img decoding=\"async\" class=\"swiper-slide-image\" src=\"https:\/\/bahadirambalaj.com\/wp-content\/uploads\/2025\/07\/Photoroom_20250312_122513-300x300.jpeg\" alt=\"Photoroom_20250312_122513\" \/><\/figure><\/div>\t\t\t<\/div>\n\t\t\t\t\t\t\t\t\t\t\t\t<div class=\"elementor-swiper-button elementor-swiper-button-prev\" role=\"button\" tabindex=\"0\">\n\t\t\t\t\t\t<i aria-hidden=\"true\" class=\"eicon-chevron-left\"><\/i>\t\t\t\t\t<\/div>\n\t\t\t\t\t<div class=\"elementor-swiper-button elementor-swiper-button-next\" role=\"button\" tabindex=\"0\">\n\t\t\t\t\t\t<i aria-hidden=\"true\" class=\"eicon-chevron-right\"><\/i>\t\t\t\t\t<\/div>\n\t\t\t\t\n\t\t\t\t\t\t\t\t\t<div class=\"swiper-pagination\"><\/div>\n\t\t\t\t\t\t\t\t\t<\/div>\n\t\t\t\t\t\t<\/div>\n\t\t\t\t\t<\/div>\n\t\t\t\t<\/div>\n\t\t\t\t<\/div>\n\t\t","protected":false},"excerpt":{"rendered":"<p>\u00dcr\u00fcn Ad\u0131 Chop Stick (Yemek \u00c7ubu\u011fu) Teslim S\u00fcresi 3-15 G\u00fcn Chop Stick (Yemek \u00c7ubu\u011fu) Nedir? Ne \u0130\u00e7in Kullan\u0131l\u0131r? Chopstick, Asya k\u00fclt\u00fcr\u00fcn\u00fcn vazge\u00e7ilmez par\u00e7as\u0131 olan geleneksel yemek \u00e7ubuklar\u0131d\u0131r. Firmam\u0131z, do\u011faya sayg\u0131l\u0131, kaliteli ve hijyenik chopstick \u00fcretimiyle hem yerli hem de uluslararas\u0131 pazara hizmet vermektedir. \u00dcr\u00fcn Se\u00e7eneklerimiz &#8211; Tek kullan\u0131ml\u0131k tahta \u00e7ubuklar &#8211; Yeniden kullan\u0131labilir bambu ve [&hellip;]<\/p>\n","protected":false},"author":1,"featured_media":0,"parent":0,"menu_order":0,"comment_status":"closed","ping_status":"closed","template":"elementor_header_footer","meta":{"footnotes":""},"class_list":["post-2107","page","type-page","status-publish","hentry"],"_links":{"self":[{"href":"https:\/\/bahadirambalaj.com\/index.php\/wp-json\/wp\/v2\/pages\/2107","targetHints":{"allow":["GET"]}}],"collection":[{"href":"https:\/\/bahadirambalaj.com\/index.php\/wp-json\/wp\/v2\/pages"}],"about":[{"href":"https:\/\/bahadirambalaj.com\/index.php\/wp-json\/wp\/v2\/types\/page"}],"author":[{"embeddable":true,"href":"https:\/\/bahadirambalaj.com\/index.php\/wp-json\/wp\/v2\/users\/1"}],"replies":[{"embeddable":true,"href":"https:\/\/bahadirambalaj.com\/index.php\/wp-json\/wp\/v2\/comments?post=2107"}],"version-history":[{"count":7,"href":"https:\/\/bahadirambalaj.com\/index.php\/wp-json\/wp\/v2\/pages\/2107\/revisions"}],"predecessor-version":[{"id":2120,"href":"https:\/\/bahadirambalaj.com\/index.php\/wp-json\/wp\/v2\/pages\/2107\/revisions\/2120"}],"wp:attachment":[{"href":"https:\/\/bahadirambalaj.com\/index.php\/wp-json\/wp\/v2\/media?parent=2107"}],"curies":[{"name":"wp","href":"https:\/\/api.w.org\/{rel}","templated":true}]}}