{"id":2169,"date":"2025-07-26T13:43:16","date_gmt":"2025-07-26T13:43:16","guid":{"rendered":"https:\/\/bahadirambalaj.com\/?page_id=2169"},"modified":"2025-07-26T13:46:55","modified_gmt":"2025-07-26T13:46:55","slug":"doner-box","status":"publish","type":"page","link":"https:\/\/bahadirambalaj.com\/index.php\/doner-box\/","title":{"rendered":"D\u00f6ner Box"},"content":{"rendered":"\t\t<div data-elementor-type=\"wp-page\" data-elementor-id=\"2169\" class=\"elementor elementor-2169\">\n\t\t\t\t<div class=\"elementor-element elementor-element-4767a6ee e-con-full e-flex e-con e-parent\" data-id=\"4767a6ee\" data-element_type=\"container\" data-e-type=\"container\">\n\t\t\t\t<div class=\"elementor-element elementor-element-4c198b75 elementor-widget elementor-widget-wallox-project-category\" data-id=\"4c198b75\" data-element_type=\"widget\" data-e-type=\"widget\" data-widget_type=\"wallox-project-category.default\">\n\t\t\t\t<div class=\"elementor-widget-container\">\n\t\t\t\t\t\t<section class=\"project-details pb-0\">\r\n\t\t<div class=\"container\">\r\n\t\t\t<div class=\"row\">\r\n\t\t\t\t<div class=\"col-12\">\r\n\t\t\t\t\t<div class=\"project-details__top__thumb\">\r\n\t\t\t\t\t\t<img decoding=\"async\" src=\"https:\/\/bahadirambalaj.com\/wp-content\/uploads\/2025\/07\/Kirmizi-Sade-Urun-Lansmani-Dokumanlar-Basligi-1170-x-472-piksel-4.jpg\" alt=\"K\u0131rm\u0131z\u0131 Sade \u00dcr\u00fcn Lansman\u0131 Dok\u00fcmanlar Ba\u015fl\u0131\u011f\u0131 (1170 x 472 piksel)\" title=\"K\u0131rm\u0131z\u0131 Sade \u00dcr\u00fcn Lansman\u0131 Dok\u00fcmanlar Ba\u015fl\u0131\u011f\u0131 (1170 x 472 piksel)\" >\t\t\t\t\t<\/div>\r\n\t\t\t\t\t\t\t\t\t\t\t<div class=\"project-details__category\">\r\n\t\t\t\t\t\t\t\t\t\t\t\t\t\t\t<div class=\"project-details__category__item\">\r\n\t\t\t\t\t\t\t\t\t<span class=\"project-details__category__subtitle\">\r\n\t\t\t\t\t\t\t\t\t\t\u00dcr\u00fcn Ad\u0131\t\t\t\t\t\t\t\t\t<\/span>\r\n\t\t\t\t\t\t\t\t\t<div class=\"project-details__category__title\">\r\n\t\t\t\t\t\t\t\t\t\tD\u00f6ner Box\t\t\t\t\t\t\t\t\t<\/div>\r\n\t\t\t\t\t\t\t\t<\/div>\r\n\t\t\t\t\t\t\t\t\t\t\t\t\t\t\t<div class=\"project-details__category__item\">\r\n\t\t\t\t\t\t\t\t\t<span class=\"project-details__category__subtitle\">\r\n\t\t\t\t\t\t\t\t\t\tTeslim S\u00fcresi\t\t\t\t\t\t\t\t\t<\/span>\r\n\t\t\t\t\t\t\t\t\t<div class=\"project-details__category__title\">\r\n\t\t\t\t\t\t\t\t\t\t8-15 G\u00fcn\t\t\t\t\t\t\t\t\t<\/div>\r\n\t\t\t\t\t\t\t\t<\/div>\r\n\t\t\t\t\t\t\t\t\t\t\t\t\t<\/div>\r\n\t\t\t\t\t\t\t\t\t<\/div>\r\n\t\t\t<\/div>\r\n\t\t<\/div>\r\n\t<\/section>\r\n\t\t\t\t<\/div>\n\t\t\t\t<\/div>\n\t\t\t\t<\/div>\n\t\t<div class=\"elementor-element elementor-element-3a7eaa07 e-flex e-con-boxed e-con e-child\" data-id=\"3a7eaa07\" data-element_type=\"container\" data-e-type=\"container\">\n\t\t\t\t\t<div class=\"e-con-inner\">\n\t\t\t\t<div class=\"elementor-element elementor-element-66c49505 elementor-widget elementor-widget-heading\" data-id=\"66c49505\" data-element_type=\"widget\" data-e-type=\"widget\" data-widget_type=\"heading.default\">\n\t\t\t\t\t<h2 class=\"elementor-heading-title elementor-size-default\">D\u00f6ner Box \u00dcr\u00fcn \u00d6zellikleri<\/h2>\t\t\t\t<\/div>\n\t\t\t\t<div class=\"elementor-element elementor-element-37bec04e elementor-widget elementor-widget-text-editor\" data-id=\"37bec04e\" data-element_type=\"widget\" data-e-type=\"widget\" data-widget_type=\"text-editor.default\">\n\t\t\t\t\t\t\t\t\t<p><span style=\"margin: 0px; padding: 0px; border: 0px; vertical-align: baseline; font-variant-numeric: inherit; font-variant-east-asian: inherit; font-variant-alternates: inherit; font-variant-position: inherit; font-variant-emoji: inherit; font-weight: 600; font-stretch: inherit; line-height: inherit; font-family: Cabin, Arial, Helvetica, sans-serif; font-optical-sizing: inherit; font-size-adjust: inherit; font-kerning: inherit; font-feature-settings: inherit; font-variation-settings: inherit; font-size: 17px; color: #777777; text-transform: none;\">Boyut:<\/span><span style=\"color: #777777; font-family: Cabin, Arial, Helvetica, sans-serif; font-size: 17px; text-transform: none;\">\u00a012, 16, 26 ve 32 oz<\/span><br style=\"color: #777777; font-family: Cabin, Arial, Helvetica, sans-serif; font-size: 17px; text-transform: none;\" \/><span style=\"margin: 0px; padding: 0px; border: 0px; vertical-align: baseline; font-variant-numeric: inherit; font-variant-east-asian: inherit; font-variant-alternates: inherit; font-variant-position: inherit; font-variant-emoji: inherit; font-weight: 600; font-stretch: inherit; line-height: inherit; font-family: Cabin, Arial, Helvetica, sans-serif; font-optical-sizing: inherit; font-size-adjust: inherit; font-kerning: inherit; font-feature-settings: inherit; font-variation-settings: inherit; font-size: 17px; color: #777777; text-transform: none;\">Ka\u011f\u0131t Cinsi:<\/span><span style=\"color: #777777; font-family: Cabin, Arial, Helvetica, sans-serif; font-size: 17px; text-transform: none;\">\u00a0350 gr. Mat Ku\u015fe, 400 gr. Mat Ku\u015fe, 300 Gr. A.Bristole ve 250 Gr. Kraft Ka\u011f\u0131t<\/span><br style=\"color: #777777; font-family: Cabin, Arial, Helvetica, sans-serif; font-size: 17px; text-transform: none;\" \/><span style=\"margin: 0px; padding: 0px; border: 0px; vertical-align: baseline; font-variant-numeric: inherit; font-variant-east-asian: inherit; font-variant-alternates: inherit; font-variant-position: inherit; font-variant-emoji: inherit; font-weight: 600; font-stretch: inherit; line-height: inherit; font-family: Cabin, Arial, Helvetica, sans-serif; font-optical-sizing: inherit; font-size-adjust: inherit; font-kerning: inherit; font-feature-settings: inherit; font-variation-settings: inherit; font-size: 17px; color: #777777; text-transform: none;\">Bask\u0131 Y\u00f6n\u00fc:<\/span><span style=\"color: #777777; font-family: Cabin, Arial, Helvetica, sans-serif; font-size: 17px; text-transform: none;\">\u00a0Tek Y\u00f6n Bask\u0131<\/span><br style=\"color: #777777; font-family: Cabin, Arial, Helvetica, sans-serif; font-size: 17px; text-transform: none;\" \/><span style=\"margin: 0px; padding: 0px; border: 0px; vertical-align: baseline; font-variant-numeric: inherit; font-variant-east-asian: inherit; font-variant-alternates: inherit; font-variant-position: inherit; font-variant-emoji: inherit; font-weight: 600; font-stretch: inherit; line-height: inherit; font-family: Cabin, Arial, Helvetica, sans-serif; font-optical-sizing: inherit; font-size-adjust: inherit; font-kerning: inherit; font-feature-settings: inherit; font-variation-settings: inherit; font-size: 17px; color: #777777; text-transform: none;\">Kesim:<\/span><span style=\"color: #777777; font-family: Cabin, Arial, Helvetica, sans-serif; font-size: 17px; text-transform: none;\">\u00a0\u00d6zel Kesim<\/span><br style=\"color: #777777; font-family: Cabin, Arial, Helvetica, sans-serif; font-size: 17px; text-transform: none;\" \/><span style=\"margin: 0px; padding: 0px; border: 0px; vertical-align: baseline; font-variant-numeric: inherit; font-variant-east-asian: inherit; font-variant-alternates: inherit; font-variant-position: inherit; font-variant-emoji: inherit; font-weight: 600; font-stretch: inherit; line-height: inherit; font-family: Cabin, Arial, Helvetica, sans-serif; font-optical-sizing: inherit; font-size-adjust: inherit; font-kerning: inherit; font-feature-settings: inherit; font-variation-settings: inherit; font-size: 17px; color: #777777; text-transform: none;\">Selefon:<\/span><span style=\"color: #777777; font-family: Cabin, Arial, Helvetica, sans-serif; font-size: 17px; text-transform: none;\">\u00a0Parlak veya Mat Selefon<\/span><br style=\"color: #777777; font-family: Cabin, Arial, Helvetica, sans-serif; font-size: 17px; text-transform: none;\" \/><span style=\"margin: 0px; padding: 0px; border: 0px; vertical-align: baseline; font-variant-numeric: inherit; font-variant-east-asian: inherit; font-variant-alternates: inherit; font-variant-position: inherit; font-variant-emoji: inherit; font-weight: 600; font-stretch: inherit; line-height: inherit; font-family: Cabin, Arial, Helvetica, sans-serif; font-optical-sizing: inherit; font-size-adjust: inherit; font-kerning: inherit; font-feature-settings: inherit; font-variation-settings: inherit; font-size: 17px; color: #777777; text-transform: none;\">Bask\u0131 Tekni\u011fi:<\/span><span style=\"color: #777777; font-family: Cabin, Arial, Helvetica, sans-serif; font-size: 17px; text-transform: none;\">\u00a0Son teknoloji Bask\u0131, S\u0131n\u0131rs\u0131z Renk \u00d6zelli\u011fi<\/span><br style=\"color: #777777; font-family: Cabin, Arial, Helvetica, sans-serif; font-size: 17px; text-transform: none;\" \/><span style=\"margin: 0px; padding: 0px; border: 0px; vertical-align: baseline; font-variant-numeric: inherit; font-variant-east-asian: inherit; font-variant-alternates: inherit; font-variant-position: inherit; font-variant-emoji: inherit; font-weight: 600; font-stretch: inherit; line-height: inherit; font-family: Cabin, Arial, Helvetica, sans-serif; font-optical-sizing: inherit; font-size-adjust: inherit; font-kerning: inherit; font-feature-settings: inherit; font-variation-settings: inherit; font-size: 17px; color: #777777; text-transform: none;\">Montaj:<\/span><span style=\"color: #777777; font-family: Cabin, Arial, Helvetica, sans-serif; font-size: 17px; text-transform: none;\">\u00a0Kolay montaj, resimde g\u00f6r\u00fcnd\u00fc\u011f\u00fc gibi durur.<\/span><\/p>\t\t\t\t\t\t\t\t<\/div>\n\t\t\t\t\t<\/div>\n\t\t\t\t<\/div>\n\t\t<div class=\"elementor-element elementor-element-213dad3c e-flex e-con-boxed e-con e-parent\" data-id=\"213dad3c\" data-element_type=\"container\" data-e-type=\"container\">\n\t\t\t\t\t<div class=\"e-con-inner\">\n\t\t<div class=\"elementor-element elementor-element-3f9e0938 e-con-full e-flex e-con e-child\" data-id=\"3f9e0938\" data-element_type=\"container\" data-e-type=\"container\">\n\t\t\t\t<div class=\"elementor-element elementor-element-383ea59e elementor-widget elementor-widget-heading\" data-id=\"383ea59e\" data-element_type=\"widget\" data-e-type=\"widget\" data-widget_type=\"heading.default\">\n\t\t\t\t\t<h2 class=\"elementor-heading-title elementor-size-default\">Kullan\u0131m Alanlar\u0131<\/h2>\t\t\t\t<\/div>\n\t\t\t\t<div class=\"elementor-element elementor-element-67a309d2 elementor-widget elementor-widget-text-editor\" data-id=\"67a309d2\" data-element_type=\"widget\" data-e-type=\"widget\" data-widget_type=\"text-editor.default\">\n\t\t\t\t\t\t\t\t\t<p>D\u00f6ner ve yan\u0131nda gelen ekstra malzemelerin ta\u015f\u0131nmas\u0131 ve servis edilmesi i\u00e7in \u00e7e\u015fitli kullan\u0131m alanlar\u0131na sahiptir.<\/p><ul><li><strong>D\u00f6ner Box Yemek Kutusu<\/strong>, d\u00f6ner yeme\u011fi i\u00e7in \u00f6zel olarak tasarlanm\u0131\u015f bir yemek kutusudur. D\u00f6nerin tazeli\u011fini ve s\u0131cakl\u0131\u011f\u0131n\u0131 korurken, ayn\u0131 zamanda ta\u015f\u0131may\u0131 ve t\u00fcketmeyi de kolayla\u015ft\u0131r\u0131r. Sokak yeme\u011fi sat\u0131c\u0131lar\u0131, fast food restoranlar\u0131 ve evlere servis yapan i\u015fletmeler kutular\u0131 s\u0131kl\u0131kla kullan\u0131rlar.<\/li><li><strong>Desenli D\u00f6ner Box<\/strong>, \u00fczerinde \u00e7e\u015fitli desenler veya marka logosu bulunan bir d\u00f6ner kutusu tipidir. Hem yeme\u011fin tazeli\u011fini ve s\u0131cakl\u0131\u011f\u0131n\u0131 korur hem de markan\u0131n g\u00f6r\u00fcn\u00fcrl\u00fc\u011f\u00fcn\u00fc art\u0131r\u0131r.<\/li><li><strong>D\u00f6ner Box Foldtop<\/strong>, ad\u0131ndan da anla\u015f\u0131labilece\u011fi gibi, katlanabilir bir \u00fcst kapa\u011fa sahip bir d\u00f6ner kutusu tipidir. Kutunun i\u00e7indeki yeme\u011fi s\u0131cak ve taze tutarken, ayn\u0131 zamanda ta\u015f\u0131may\u0131 ve yeme\u011fi yemeyi de kolayla\u015ft\u0131r\u0131r<\/li><\/ul><p>\u00a0<\/p>\t\t\t\t\t\t\t\t<\/div>\n\t\t\t\t<\/div>\n\t\t<div class=\"elementor-element elementor-element-ddd893c e-con-full e-flex e-con e-child\" data-id=\"ddd893c\" data-element_type=\"container\" data-e-type=\"container\">\n\t\t\t\t<div class=\"elementor-element elementor-element-39824d17 elementor-widget elementor-widget-image\" data-id=\"39824d17\" data-element_type=\"widget\" data-e-type=\"widget\" data-widget_type=\"image.default\">\n\t\t\t\t\t\t\t\t\t\t\t\t\t\t\t<img fetchpriority=\"high\" decoding=\"async\" width=\"570\" height=\"338\" src=\"https:\/\/bahadirambalaj.com\/wp-content\/uploads\/2025\/07\/Brown-Aesthetic-Skincare-Product-Features-Instagram-Portrait-Post-570-x-338-piksel.jpg\" class=\"attachment-large size-large wp-image-2172\" alt=\"\" srcset=\"https:\/\/bahadirambalaj.com\/wp-content\/uploads\/2025\/07\/Brown-Aesthetic-Skincare-Product-Features-Instagram-Portrait-Post-570-x-338-piksel.jpg 570w, https:\/\/bahadirambalaj.com\/wp-content\/uploads\/2025\/07\/Brown-Aesthetic-Skincare-Product-Features-Instagram-Portrait-Post-570-x-338-piksel-300x178.jpg 300w\" sizes=\"(max-width: 570px) 100vw, 570px\" \/>\t\t\t\t\t\t\t\t\t\t\t\t\t\t\t<\/div>\n\t\t\t\t<\/div>\n\t\t\t\t\t<\/div>\n\t\t\t\t<\/div>\n\t\t<div class=\"elementor-element elementor-element-42a162b e-flex e-con-boxed e-con e-parent\" data-id=\"42a162b\" data-element_type=\"container\" data-e-type=\"container\">\n\t\t\t\t\t<div class=\"e-con-inner\">\n\t\t\t\t<div class=\"elementor-element elementor-element-f08f3e8 elementor-widget-divider--view-line elementor-widget elementor-widget-divider\" data-id=\"f08f3e8\" data-element_type=\"widget\" data-e-type=\"widget\" data-widget_type=\"divider.default\">\n\t\t\t\t\t\t\t<div class=\"elementor-divider\">\n\t\t\t<span class=\"elementor-divider-separator\">\n\t\t\t\t\t\t<\/span>\n\t\t<\/div>\n\t\t\t\t\t\t<\/div>\n\t\t\t\t\t<\/div>\n\t\t\t\t<\/div>\n\t\t<div class=\"elementor-element elementor-element-913dd1f e-flex e-con-boxed e-con e-parent\" data-id=\"913dd1f\" data-element_type=\"container\" data-e-type=\"container\">\n\t\t\t\t\t<div class=\"e-con-inner\">\n\t\t\t\t<div class=\"elementor-element elementor-element-a3e8d80 elementor-arrows-position-inside elementor-pagination-position-outside elementor-widget elementor-widget-image-carousel\" data-id=\"a3e8d80\" data-element_type=\"widget\" data-e-type=\"widget\" data-settings=\"{&quot;navigation&quot;:&quot;both&quot;,&quot;autoplay&quot;:&quot;yes&quot;,&quot;pause_on_hover&quot;:&quot;yes&quot;,&quot;pause_on_interaction&quot;:&quot;yes&quot;,&quot;autoplay_speed&quot;:5000,&quot;infinite&quot;:&quot;yes&quot;,&quot;speed&quot;:500}\" data-widget_type=\"image-carousel.default\">\n\t\t\t\t\t\t\t<div class=\"elementor-image-carousel-wrapper swiper\" role=\"region\" aria-roledescription=\"carousel\" aria-label=\"Resim D\u00f6ng\u00fcs\u00fc\" dir=\"ltr\">\n\t\t\t<div class=\"elementor-image-carousel swiper-wrapper\" aria-live=\"off\">\n\t\t\t\t\t\t\t\t<div class=\"swiper-slide\" role=\"group\" aria-roledescription=\"slide\" aria-label=\"1 \/ 6\"><figure class=\"swiper-slide-inner\"><img decoding=\"async\" class=\"swiper-slide-image\" src=\"https:\/\/bahadirambalaj.com\/wp-content\/uploads\/2025\/07\/IMG_8413-169x300.jpg\" alt=\"IMG_8413\" \/><\/figure><\/div><div class=\"swiper-slide\" role=\"group\" aria-roledescription=\"slide\" aria-label=\"2 \/ 6\"><figure class=\"swiper-slide-inner\"><img decoding=\"async\" class=\"swiper-slide-image\" src=\"https:\/\/bahadirambalaj.com\/wp-content\/uploads\/2025\/07\/IMG_8416-300x296.jpg\" alt=\"IMG_8416\" \/><\/figure><\/div><div class=\"swiper-slide\" role=\"group\" aria-roledescription=\"slide\" aria-label=\"3 \/ 6\"><figure class=\"swiper-slide-inner\"><img decoding=\"async\" class=\"swiper-slide-image\" src=\"https:\/\/bahadirambalaj.com\/wp-content\/uploads\/2025\/07\/IMG_8417-300x295.jpg\" alt=\"IMG_8417\" \/><\/figure><\/div><div class=\"swiper-slide\" role=\"group\" aria-roledescription=\"slide\" aria-label=\"4 \/ 6\"><figure class=\"swiper-slide-inner\"><img decoding=\"async\" class=\"swiper-slide-image\" src=\"https:\/\/bahadirambalaj.com\/wp-content\/uploads\/2025\/07\/IMG_8419-300x294.jpg\" alt=\"IMG_8419\" \/><\/figure><\/div><div class=\"swiper-slide\" role=\"group\" aria-roledescription=\"slide\" aria-label=\"5 \/ 6\"><figure class=\"swiper-slide-inner\"><img decoding=\"async\" class=\"swiper-slide-image\" src=\"https:\/\/bahadirambalaj.com\/wp-content\/uploads\/2025\/07\/IMG_8422-300x292.jpg\" alt=\"IMG_8422\" \/><\/figure><\/div><div class=\"swiper-slide\" role=\"group\" aria-roledescription=\"slide\" aria-label=\"6 \/ 6\"><figure class=\"swiper-slide-inner\"><img decoding=\"async\" class=\"swiper-slide-image\" src=\"https:\/\/bahadirambalaj.com\/wp-content\/uploads\/2025\/07\/IMG_8425-295x300.jpg\" alt=\"IMG_8425\" \/><\/figure><\/div>\t\t\t<\/div>\n\t\t\t\t\t\t\t\t\t\t\t\t<div class=\"elementor-swiper-button elementor-swiper-button-prev\" role=\"button\" tabindex=\"0\">\n\t\t\t\t\t\t<i aria-hidden=\"true\" class=\"eicon-chevron-left\"><\/i>\t\t\t\t\t<\/div>\n\t\t\t\t\t<div class=\"elementor-swiper-button elementor-swiper-button-next\" role=\"button\" tabindex=\"0\">\n\t\t\t\t\t\t<i aria-hidden=\"true\" class=\"eicon-chevron-right\"><\/i>\t\t\t\t\t<\/div>\n\t\t\t\t\n\t\t\t\t\t\t\t\t\t<div class=\"swiper-pagination\"><\/div>\n\t\t\t\t\t\t\t\t\t<\/div>\n\t\t\t\t\t\t<\/div>\n\t\t\t\t\t<\/div>\n\t\t\t\t<\/div>\n\t\t\t\t<\/div>\n\t\t","protected":false},"excerpt":{"rendered":"<p>\u00dcr\u00fcn Ad\u0131 D\u00f6ner Box Teslim S\u00fcresi 8-15 G\u00fcn D\u00f6ner Box \u00dcr\u00fcn \u00d6zellikleri Boyut:\u00a012, 16, 26 ve 32 ozKa\u011f\u0131t Cinsi:\u00a0350 gr. Mat Ku\u015fe, 400 gr. Mat Ku\u015fe, 300 Gr. A.Bristole ve 250 Gr. Kraft Ka\u011f\u0131tBask\u0131 Y\u00f6n\u00fc:\u00a0Tek Y\u00f6n Bask\u0131Kesim:\u00a0\u00d6zel KesimSelefon:\u00a0Parlak veya Mat SelefonBask\u0131 Tekni\u011fi:\u00a0Son teknoloji Bask\u0131, S\u0131n\u0131rs\u0131z Renk \u00d6zelli\u011fiMontaj:\u00a0Kolay montaj, resimde g\u00f6r\u00fcnd\u00fc\u011f\u00fc gibi durur. Kullan\u0131m Alanlar\u0131 D\u00f6ner [&hellip;]<\/p>\n","protected":false},"author":1,"featured_media":0,"parent":0,"menu_order":0,"comment_status":"closed","ping_status":"closed","template":"elementor_header_footer","meta":{"footnotes":""},"class_list":["post-2169","page","type-page","status-publish","hentry"],"_links":{"self":[{"href":"https:\/\/bahadirambalaj.com\/index.php\/wp-json\/wp\/v2\/pages\/2169","targetHints":{"allow":["GET"]}}],"collection":[{"href":"https:\/\/bahadirambalaj.com\/index.php\/wp-json\/wp\/v2\/pages"}],"about":[{"href":"https:\/\/bahadirambalaj.com\/index.php\/wp-json\/wp\/v2\/types\/page"}],"author":[{"embeddable":true,"href":"https:\/\/bahadirambalaj.com\/index.php\/wp-json\/wp\/v2\/users\/1"}],"replies":[{"embeddable":true,"href":"https:\/\/bahadirambalaj.com\/index.php\/wp-json\/wp\/v2\/comments?post=2169"}],"version-history":[{"count":4,"href":"https:\/\/bahadirambalaj.com\/index.php\/wp-json\/wp\/v2\/pages\/2169\/revisions"}],"predecessor-version":[{"id":2181,"href":"https:\/\/bahadirambalaj.com\/index.php\/wp-json\/wp\/v2\/pages\/2169\/revisions\/2181"}],"wp:attachment":[{"href":"https:\/\/bahadirambalaj.com\/index.php\/wp-json\/wp\/v2\/media?parent=2169"}],"curies":[{"name":"wp","href":"https:\/\/api.w.org\/{rel}","templated":true}]}}